 Suppose -a = -0*a - 4. What is the remainder when z is divided by a?
2
Suppose -7*t + 22 + 6 = 0. Calculate the remainder when 11 is divided by t.
3
Let m(n) be the second derivative of -n**4/12 + 11*n**3/6 - 4*n**2 + n. Let x = 18 - 10. What is the remainder when 30 is divided by m(x)?
14
Let j(n) = 3*n**2 - 2*n + 45. Calculate the remainder when j(-7) is divided by 42.
38
Calculate the remainder when ((-31)/(-4) - 5)*5*4 is divided by 29.
26
Let w(p) = -p**2 - 9*p - 1. What is the remainder when w(-5) is divided by 4?
3
What is the remainder when 4 - (-1 + 1 - 1) is divided by 2?
1
What is the remainder when (0 + -1)/(1/(-29)) is divided by ((-4)/(-6))/((-6)/(-18*5))?
9
Suppose 5*z = 2*p - 111 + 333, -4*p = 3*z - 154. Suppose 93 = 3*l - 5*a - 0*a, 0 = 2*l + 2*a - z. Calculate the remainder when l is divided by 9.
8
Suppose 0 = m - 4*m + 15. Let i(s) = 5*s + 18. Let h be i(-4). What is the remainder when (2/m)/(h/(-170)) is divided by 18?
16
Let y be (-4)/(-14) - 130/(-35). Suppose -2*c = 3*b + 2*b + 16, y*c - 3*b = 20. Calculate the remainder when 5 is divided by c.
1
Suppose -146 - 114 = -4*c. What is the remainder when c is divided by 17?
14
Calculate the remainder when 150 is divided by 4/28 + 110/14.
6
Let b(o) = 2*o**2 - 6*o + 6. What is the remainder when b(6) is divided by 11?
9
Suppose 51 = 5*y + 11. Suppose 3*v = 56 + 31. Calculate the remainder when v is divided by y.
5
Let h = -38 + 42. What is the remainder when 8 is divided by h?
0
Suppose -11 - 40 = 3*j. Let s = j - -34. Let a = -125 + 175. What is the remainder when a is divided by s?
16
Suppose 5*a - 45 = -5*o, -5*a - 64 = -4*o - 2*a. Calculate the remainder when 50 is divided by o.
11
Let d = -8 - -26. Calculate the remainder when 107 is divided by d.
17
Suppose -9*o = -4*o - 25. Suppose 0 = 3*w - 4*m - 30, 0 = -m + 2 - o. What is the remainder when w is divided by 3?
0
Let c = -34 - -36. What is the remainder when 6 is divided by c?
0
Let y be 3*(4/(-3) - -2). What is the remainder when 15 is divided by 93/12 - y/(-8)?
7
Let d be (-8)/(-3) - 2/(-6). Let m = -23 - -35. What is the remainder when -1*(-35)/3*d is divided by m?
11
Let h = 24 - 12. Let r = h + -8. What is the remainder when r is divided by 2?
0
Let f = 18 - 7. Let t = f + -7. Calculate the remainder when 9 is divided by t.
1
Let k(m) = 6*m - 2*m + 0 + 3. Let c = -15 + 26. Calculate the remainder when k(7) is divided by c.
9
Let j = -42 - -63. Calculate the remainder when 41 is divided by j.
20
Suppose -3*n = 2*w - 79, 3*n + 6*w - w = 85. Calculate the remainder when 74 is divided by n.
24
Suppose 2*w - 5*w + 143 = 5*g, -5*g = -2*w + 87. Calculate the remainder when w is divided by 12.
10
Let u(l) = 5*l**2 - l - 2. Calculate the remainder when 11 is divided by u(-1).
3
Suppose 0 = -0*c + 5*c. Suppose c*u = 2*u - 4. Calculate the remainder when 1 - 0 - 12/(-6) is divided by u.
1
Suppose 49 = y - 4. Suppose 3*q + y = 149. Let b = q - 21. Calculate the remainder when 31 is divided by b.
9
Let t = -12 + 10. Let a = 9 + t. Calculate the remainder when 13 is divided by a.
6
Let h = 5 + 7. What is the remainder when 13 is divided by h?
1
Suppose 6*o - 243 = 459. Calculate the remainder when o is divided by 24.
21
Suppose 7*d = 25*d - 198. Calculate the remainder when 63 is divided by d.
8
Let u(j) = j**2 + 11*j - 10. Calculate the remainder when 7 is divided by u(-12).
1
Let w(d) = -d**3 - 3*d**2 - d + 8. What is the remainder when 54 is divided by w(-4)?
26
Suppose 0 = -r + 6*r - 10. Suppose -r*t = -7*t. Let k = t - -11. Calculate the remainder when 32 is divided by k.
10
Suppose -4*h = -2*h. Suppose -3*q + 0*q + 150 = h. What is the remainder when q is divided by 26?
24
Suppose -2*a + 4*y = -106, 4*y = -3*a + 3*y + 152. Suppose 0 = 5*m - 4 - a. Calculate the remainder when m is divided by 6.
5
Let d be (1/(-3))/(3/(-18)). Let x be (-1 + 2)*(d - -49). Suppose x = 4*q + 15. Calculate the remainder when 16 is divided by q.
7
Let o be (-26)/(-1)*5/2. Suppose 6*z - z - o = 0. Suppose z + 2 = k. Calculate the remainder when k is divided by 8.
7
Let j = 6 + -3. Suppose 3*m = 4*c - 61, -2*m = -2*c + j*m + 41. Calculate the remainder when c is divided by 8.
5
Calculate the remainder when ((-20)/(-60))/((-2)/(-666)) is divided by 19.
16
Let i(j) = j + 3. Let k be i(-5). Let g be k - ((-2)/(-1) - -19). Let w = 7 - g. Calculate the remainder when w is divided by 16.
14
Suppose a = -1 + 21. Calculate the remainder when 79 is divided by a.
19
Let b = -7 - -10. Suppose 6*f - 138 = b*f. What is the remainder when f is divided by 12?
10
Let v = -35 + 48. Calculate the remainder when v is divided by 8.
5
Suppose -5 - 19 = h. Let c = h + -6. Let s = -15 - c. Calculate the remainder when 28 is divided by s.
13
Let o(r) = -r - 1. Let b be o(-5). Suppose -14 = -b*y + 2*j + 20, 4*y = -3*j + 59. Calculate the remainder when 53 is divided by y.
9
Let p be -5*((-114)/15 - 0). Suppose p = d + d. Let k(u) = u**2 - u + 6. Calculate the remainder when k(6) is divided by d.
17
Let v = 8 - -2. Suppose 0 = -6*m + 4*m + 16. Suppose 22 = 4*k + u, -3*k = -3*u + 8*u - m. What is the remainder when v is divided by k?
4
Let b(n) = 13*n**2 - 1. Let x(s) = s**2 - s - 8. What is the remainder when x(6) is divided by b(1)?
10
Suppose -47 = -3*c + 4*t, 2*c = 5*t + 6 + 30. Let p be 4/(4/2 + -1). What is the remainder when ((-25)/2)/((-2)/p) is divided by c?
12
Suppose -4*f = -2*f. Let t be -1*(-10 + (-1 - f)). Suppose k - 7 = t. What is the remainder when 35 is divided by k?
17
Suppose v - 13 = 5*r - 1, r = -4*v + 6. Calculate the remainder when 27/(-6)*(-40)/6 is divided by (-2)/1 + 36/v.
14
Suppose 3*v - 72 = 3*x, -3*v + 20 = 4*x - 17. What is the remainder when 93 is divided by v?
17
What is the remainder when 71 is divided by (-2)/1 - -1 - -25?
23
Let n(x) = x**2 + 6*x - 9. Let j = -35 - -27. Calculate the remainder when 12 is divided by n(j).
5
Suppose 2*f = 5 + 3. Suppose -t + 0 = -5. Suppose -2*s - 5*m + 6 = -4*m, -s - t*m + 3 = 0. Calculate the remainder when f is divided by s.
1
Suppose -3 - 2 = -3*u + 5*o, 3*u + 5*o - 55 = 0. Let x(a) = -3*a - 5*a - 11*a. What is the remainder when x(-1) is divided by u?
9
Suppose 371 = 5*q + p, 59 = 3*q - 2*q + 4*p. Let n = q + -43. Suppose v + 0 = n. Calculate the remainder when v is divided by 11.
10
Suppose -3*k + 16 - 5 = -4*h, -3*k = 4*h - 19. Let f be (1 + 0)/(k/(-55)). Let d = -6 - f. What is the remainder when 13 is divided by d?
3
Suppose -212 + 20 = -6*t. Calculate the remainder when t is divided by 11.
10
Let m = 10 - -8. Calculate the remainder when 13/((-2)/(-16)*2) is divided by m.
16
Let x(q) = q - 3. Let v be x(3). Suppose -u + v*u = -3. What is the remainder when 6 is divided by u?
0
Let s(f) = -4*f - 7. What is the remainder when s(-4) is divided by 2?
1
Suppose -n + 20 = -3*n. Let h = n + 104. Calculate the remainder when h is divided by 24.
22
Let t(d) be the second derivative of -d**4/12 + 7*d**3/3 - 9*d**2/2 + 4*d. Suppose 5*v = v + 52. Calculate the remainder when t(11) is divided by v.
11
Suppose 5*h - 34 - 46 = 0. Let q = 24 + -16. Let n = 17 - q. What is the remainder when h is divided by n?
7
Suppose -3*z - n - 3*n - 19 = 0, 2*z + 3*n + 14 = 0. Let s(j) = -j**2 - j. Let c be s(z). Let m = c + 7. Calculate the remainder when 12 is divided by m.
5
What is the remainder when 54/8*28/((-14)/(-2)) is divided by 14?
13
Let n = 4 - 0. Suppose j + n*j = -5*a + 25, j = -3*a + 11. Calculate the remainder when a is divided by 1.
0
Let f = 2 - 10. Calculate the remainder when 21 is divided by (-60)/f - (-6)/(-4).
3
Let y(v) = -v**3 - 6*v**2 + v + 8. Let i be y(-6). Suppose -4*w + 10 = -i*z + 70, -4*z + 75 = w. Calculate the remainder when 38 is divided by z.
18
Suppose 3*d = 2*u - 20, -3*d - 27 = -u - 2. Let f = 35 + -25. What is the remainder when (-234)/d - 4/f is divided by 12?
11
Let f = 28 - 11. What is the remainder when 49 is divided by f?
15
Suppose 2*p - 401 = -b, -p + 0*p = -2. Calculate the remainder when b is divided by 19.
17
Suppose j = 3*d - 4, -3*d = -j - 4*j + 40. What is the remainder when 64 is divided by j?
9
Suppose 1 + 7 = p. Suppose 0 = 9*k - 7*k - 10. What is the remainder when p is divided by k?
3
Let m be -1*(0 + -6)*-1. Let n be -2 - -1 - (m - -1). Calculate the remainde